3 - 5*c**2 - 4*c - 14. What is the remainder when 23 is divided by t(-5)?
5
Let d(g) = g**2 + g + 2. Let b be d(6). Suppose -n + b = n. Let v(l) = l**3 - 4*l**2 - 4*l + 3. What is the remainder when n is divided by v(5)?
6
Let u = -17 - -27. Suppose -p = -l, 4*l = p + l + u. Calculate the remainder when p is divided by 2.
1
Let v be ((-4)/(-10))/((-4)/(-20)). Let h = v - -5. What is the remainder when h is divided by 3?
1
Let x(v) = 2*v**3 - 6*v**2 - 5*v - 7. Suppose -3*o = -o - 16. Let q = o + 15. Calculate the remainder when x(5) is divided by q.
22
Suppose 2*q + 2*q = 16. What is the remainder when 22 is divided by q?
2
Suppose -4*u = -0*j + j - 25, 2*u + 1 = -5*j. Let r(g) = g**3 - 3*g**2 - 5*g + 1. What is the remainder when r(5) is divided by u?
5
Let o(z) = -4*z. Calculate the remainder when 63 is divided by o(-4).
15
Suppose -334 = -3*p - 40. What is the remainder when p is divided by 25?
23
Calculate the remainder when 20 is divided by (-20)/(-3) - (-1)/3.
6
Suppose 3*m - 35 = d, 0 = -m - 0*d + 3*d + 1. Suppose 5*b + 3*l = -14, 11 = -5*l - 4. What is the remainder when b*2 + (24 - -2) is divided by m?
11
Suppose -4*i + 57 = 3*j, 5*j - 117 = 3*i + 7. Calculate the remainder when j is divided by (-9)/(-21) + (-243)/(-21).
11
Let r(h) = -2*h + 12. Let x be r(4). Suppose 4*c + x*p = -c + 111, 3*c + p - 68 = 0. Calculate the remainder when c is divided by 8.
7
Let l = -4 - -4. Suppose -4*n = -3*i + 20, l = i - 0*i + 5*n + 6. Suppose -58 = -3*o - i. Calculate the remainder when 34 is divided by o.
16
Let w = -14 - -26. What is the remainder when 33 is divided by w?
9
Let y = -37 - -46. What is the remainder when 33 is divided by y?
6
Suppose -2*j + 28 = 2*o, 0 = 2*j + 2*j + 20. Calculate the remainder when 54 is divided by o.
16
Let x(p) = -11*p**2 + 16*p + 13 + p**2 - 7*p**2 + p**3. Calculate the remainder when 24 is divided by x(16).
11
Suppose 0 = 4*u - 51 - 97. Suppose -74 - u = -3*b. What is the remainder when 71 is divided by b?
34
Suppose 4*b + 5*v = 50, -7*v + 2*v + 10 = 0. What is the remainder when 49 is divided by b?
9
Suppose 5*j + 84 - 3 = k, 5*k + 5*j - 315 = 0. Calculate the remainder when k is divided by 17.
15
Suppose 2*a - 4*f - 4 = 0, 4*a - 6*f = -2*f + 16. Let m be (2/a)/((-1)/3). What is the remainder when 28 is divided by -1*(1 + 16/m)?
13
Let b = 27 - 7. Calculate the remainder when b is divided by 12.
8
Let q = 0 + 9. Let i(b) = -6*b + 15*b - 10*b**2 - 1 + b**3 + 2. What is the remainder when i(q) is divided by 1?
0
Let p be 331 - (0/(-1) - 0). Suppose -4*o = -p - 149. What is the remainder when (o/28)/(1/7) is divided by 8?
6
Suppose -4*t + 64 = 4*u, -2 = 3*u - 5*t - 10. What is the remainder when u is divided by (-8)/5*(-40)/16?
3
Let y(n) = 3*n**2 + 4*n + 2. Let z be y(-2). Let j = z - 4. Let d(v) = v**3 + 7*v**2 + 5*v - 5. Calculate the remainder when j is divided by d(-6).
0
Let p = 4 - 6. Let t be (p/(-2))/(2/4). Suppose 0 = -3*k - 3*l + 22 + 38, -6 = -t*l. What is the remainder when 33 is divided by k?
16
Suppose 3*d - 60 = -3*t, -3*t - 42 = -4*d + 31. Calculate the remainder when d is divided by 5.
4
Suppose l - 1 = 24. Suppose 0 = 2*b - 0*b - 2*g - 42, 0 = -3*b - g + 75. Let i = b - 11. What is the remainder when l is divided by i?
12
Calculate the remainder when 42 is divided by (-132)/(-3)*4/8.
20
Let z(p) = -15*p. Let c be z(2). Let b = 45 + c. What is the remainder when 27 is divided by b?
12
Let b = -9 + 18. What is the remainder when 35 is divided by b?
8
Let q be 2 + 93 + 3 + -3. Let o = q - 59. What is the remainder when 4 is divided by ((-2)/6)/((-6)/o)?
0
Suppose 4*l + 0*l - 28 = 0. What is the remainder when 18 is divided by l?
4
Suppose -s - 4 = -2*s. Let m(n) = -n**3 + 4*n**2 - 2*n - 1. Let a be m(3). Suppose 3*o - a - 4 = 0. What is the remainder when s is divided by o?
0
Let g = -1 + 5. Suppose m - g = 2. What is the remainder when 10 is divided by m?
4
What is the remainder when ((-250)/(-8) - (-8 - -12))*4 is divided by 28?
25
Suppose 5*k - 2*c - 25 = 0, 0 = 3*k - 3*c - 3 - 3. Calculate the remainder when k is divided by 4.
3
Let t(m) = m**2 - 5*m + 3. Let k be t(5). Suppose -5*x + 2 = -k*x. Suppose -13 = l + 4*z, -5*l + 4*l - x = z. Calculate the remainder when 8 is divided by l.
2
Suppose -2 = -s - 0. Calculate the remainder when s/(2/(-3)) + 90 is divided by 22.
21
Suppose 93 + 47 = 10*f. Suppose -4*y - 21 = -2*g + 55, 0 = 3*g - 2*y - 118. Calculate the remainder when g is divided by f.
12
Suppose -8 = -4*f + 5*s, 7*f = 4*f + s + 17. Calculate the remainder when 10 is divided by f.
3
Let l(k) = -k**2 - 18*k - 8. What is the remainder when l(-16) is divided by 7?
3
Let p(d) = d**2 - 7*d + 1. Let j be p(8). Let l be ((-2)/6)/((-3)/j). Calculate the remainder when 55 is divided by (20 - 1/l)*1.
17
Suppose -7*o - 8*o + 195 = 0. Calculate the remainder when 63 is divided by o.
11
Suppose 5*c + 20 = 2*g - 27, 0 = -4*g + c + 49. Suppose -1 = 5*m - g. What is the remainder when m is divided by 1?
0
Let q(h) = 2*h**2 - 3*h + 4*h**2 + 4*h**2 - 6*h - h**3 - 7. What is the remainder when q(8) is divided by 25?
24
Let u(j) = 5*j**2 - 26*j + 11. Let i(l) = 3*l**2 - 17*l + 7. Let x(z) = 8*i(z) - 5*u(z). Calculate the remainder when x(-6) is divided by (3/(-2))/(6/(-4)).
0
Let t(u) = 8*u**2 - 3*u - 3. Let r be t(-3). Suppose -2*x - x + r = 0. What is the remainder when x is divided by 9?
8
Suppose 0 = 2*u + 3*y - 18 - 7, 0 = -2*u + 2*y. Suppose -163 = -u*o + 3*b + b, -8 = 4*b. Calculate the remainder when o is divided by 8.
7
Suppose 3 = 3*h - 2*h. Suppose -5*a + 2*a = -h*y - 66, -89 = -4*a + 5*y. What is the remainder when 82 is divided by a?
19
Suppose -6*g + 14 = -4*g - 4*q, g + 2*q = -1. Calculate the remainder when 10 is divided by g.
1
Suppose 0*t + 121 = 3*p - t, -3*p = 3*t - 105. Calculate the remainder when p is divided by 21.
18
Let i = -34 + 47. Calculate the remainder when 37 is divided by i.
11
Let r(b) = -b**2 - 1. Let z(h) = -2*h**2 - 3. Let m(n) = r(n) - z(n). What is the remainder when 0 - (1 - 2 - 31) is divided by m(3)?
10
Let k(i) = 2*i**2 - 2*i + 4. Let o be (-36)/(-10) - (-2)/5. Let v be k(o). Suppose 2*z = 6*z - v. What is the remainder when 20 is divided by z?
6
Let b = 4 - 2. Let f = b - -2. Suppose z - 17 = -0*z + 5*r, -14 = -f*z + 2*r. What is the remainder when 2 is divided by z?
0
Suppose 2*x + 2*x = -4. Let n be 3 + 2 + (-4 - x). What is the remainder when 3/(-6) + 69/n is divided by 18?
16
Suppose 6 + 18 = 2*d. Let r = -25 + 47. What is the remainder when r is divided by d?
10
Let q(t) = -4*t**3 - 4*t + 2*t**3 - 2*t**2 + 3 + 3*t**3 + 0*t. Let f be q(3). Suppose f = -u + 4 + 1. Calculate the remainder when 12 is divided by u.
2
Let q = -8 - -12. Let g = 2 - q. Let s(n) = -2*n**3 - 2*n**2 + 2*n. What is the remainder when 7 is divided by s(g)?
3
Suppose -13*s = -11*s - 12. Let w(g) = -g**3 - 5*g**2 - 6*g - 7. Calculate the remainder when w(-5) is divided by s.
5
Let c be 126/5 - 2/10. Suppose r + r + 3*u = c, 23 = 4*r - 3*u. Suppose -4*t - 3*i = -124, -124 = -4*t - 3*i - i. What is the remainder when t is divided by r?
7
Suppose 0 = -2*o - 0*p + p + 59, -112 = -4*o - 4*p. Calculate the remainder when 115 is divided by o.
28
Suppose 0 = -u + 15 - 11. Suppose 0 = -2*i - 0*i - 4*a + 84, -4*i + u*a = -132. What is the remainder when i is divided by 13?
10
Let x be (1 - 2) + (-18)/(-2). Let o = 21 - 19. Suppose o*l - 26 = 2*i + x, 0 = 3*l + i - 59. Calculate the remainder when l is divided by 10.
9
Suppose 10 = -u + 3*u. Suppose -5 = u*b - 25. What is the remainder when 9 is divided by b?
1
Suppose 4*y = -0*y + 44. Suppose -4*g + 13 = -y. Calculate the remainder when g is divided by 4.
2
Let h = 16 + 4. Calculate the remainder when 78 is divided by h.
18
Let y(j) = 8*j + 28. What is the remainder when y(9) is divided by 21?
16
Calculate the remainder when 9 is divided by 15/(-9)*(-3)/1.
4
Let l = -3 + 1. Let j = 3 + l. Suppose 5*a = 1 + 4. What is the remainder when a is divided by j?
0
Suppose -n - 39 = -4*n. Suppose -4*v + 7 = -9. What is the remainder when n is divided by v?
1
Let a(d) = d**2 - 2*d - 24. Calculate the remainder when a(7) is divided by 7.
4
Calculate the remainder when (2/3)/(-2) + 2385/27 is divided by 13.
10
Let w be -2 - (1/1 - 0). Let f(m) = -m**3 - m**